{"id":428,"date":"2024-02-06T00:20:28","date_gmt":"2024-02-05T23:20:28","guid":{"rendered":"http:\/\/ventasya.pe\/agencias-viaje\/vivaventura\/?post_type=product&#038;p=428"},"modified":"2024-08-15T17:46:13","modified_gmt":"2024-08-15T15:46:13","slug":"paquete-4d","status":"publish","type":"product","link":"https:\/\/ventasya.pe\/website-themes\/viajeinca\/producto\/paquete-4d\/","title":{"rendered":"Paquete 4D"},"content":{"rendered":"<p>Descubre la esencia de Cusco con nuestro emocionante Paquete de 4 D\u00edas, una experiencia dise\u00f1ada para quienes desean sumergirse en la riqueza cultural y las maravillas naturales de esta regi\u00f3n hist\u00f3rica en un tiempo compacto. Desde las antiguas ruinas incas hasta los paisajes andinos que quitan el aliento, cada d\u00eda te ofrece una nueva aventura.<\/p>\n<h2>ITINERARIO RESUMEN<\/h2>\n<ul>\n<li>DIA 1 Llegada a Cusco<\/li>\n<li>DIA 2 City tour en Cusco<\/li>\n<li>DIA 3 Machupicchu Full Day<\/li>\n<li>DIA 4 Final del viaje<\/li>\n<\/ul>\n","protected":false},"excerpt":{"rendered":"<p>Descubre la esencia de Cusco con nuestro emocionante Paquete de 4 D\u00edas, una experiencia dise\u00f1ada para quienes desean sumergirse en la riqueza cultural y las maravillas naturales de esta regi\u00f3n hist\u00f3rica en un tiempo compacto. Desde las antiguas ruinas incas hasta los paisajes andinos que quitan el aliento, cada d\u00eda te ofrece una nueva aventura.<\/p>\n","protected":false},"featured_media":333,"comment_status":"open","ping_status":"closed","template":"","meta":{"_acf_changed":false},"product_cat":[16],"product_tag":[],"class_list":{"0":"post-428","1":"product","2":"type-product","3":"status-publish","4":"has-post-thumbnail","6":"product_cat-paquetes","8":"first","9":"instock","10":"shipping-taxable","11":"purchasable","12":"product-type-simple"},"acf":[],"_links":{"self":[{"href":"https:\/\/ventasya.pe\/website-themes\/viajeinca\/wp-json\/wp\/v2\/product\/428","targetHints":{"allow":["GET"]}}],"collection":[{"href":"https:\/\/ventasya.pe\/website-themes\/viajeinca\/wp-json\/wp\/v2\/product"}],"about":[{"href":"https:\/\/ventasya.pe\/website-themes\/viajeinca\/wp-json\/wp\/v2\/types\/product"}],"replies":[{"embeddable":true,"href":"https:\/\/ventasya.pe\/website-themes\/viajeinca\/wp-json\/wp\/v2\/comments?post=428"}],"wp:featuredmedia":[{"embeddable":true,"href":"https:\/\/ventasya.pe\/website-themes\/viajeinca\/wp-json\/wp\/v2\/media\/333"}],"wp:attachment":[{"href":"https:\/\/ventasya.pe\/website-themes\/viajeinca\/wp-json\/wp\/v2\/media?parent=428"}],"wp:term":[{"taxonomy":"product_cat","embeddable":true,"href":"https:\/\/ventasya.pe\/website-themes\/viajeinca\/wp-json\/wp\/v2\/product_cat?post=428"},{"taxonomy":"product_tag","embeddable":true,"href":"https:\/\/ventasya.pe\/website-themes\/viajeinca\/wp-json\/wp\/v2\/product_tag?post=428"}],"curies":[{"name":"wp","href":"https:\/\/api.w.org\/{rel}","templated":true}]}}